e remainder when 138247 is divided by 19746.
25
What is the remainder when 4322 is divided by 474?
56
What is the remainder when 26663 is divided by 8039?
2546
Calculate the remainder when 13058 is divided by 544.
2
Calculate the remainder when 10055 is divided by 1097.
182
Calculate the remainder when 94314 is divided by 1546.
8
Calculate the remainder when 27632 is divided by 21.
17
What is the remainder when 1621267 is divided by 279?
277
What is the remainder when 5259 is divided by 23?
15
Calculate the remainder when 40277 is divided by 29.
25
What is the remainder when 1831 is divided by 910?
11
Calculate the remainder when 26492 is divided by 1253.
179
Calculate the remainder when 36551 is divided by 274.
109
Calculate the remainder when 3163 is divided by 203.
118
What is the remainder when 1005 is divided by 948?
57
Calculate the remainder when 13512 is divided by 65.
57
Calculate the remainder when 993 is divided by 2.
1
What is the remainder when 108089 is divided by 31?
23
Calculate the remainder when 152 is divided by 70.
12
What is the remainder when 54751 is divided by 18247?
10
What is the remainder when 9533 is divided by 28?
13
Calculate the remainder when 21241 is divided by 1584.
649
What is the remainder when 123978 is divided by 6524?
22
Calculate the remainder when 54286 is divided by 12.
10
What is the remainder when 186112 is divided by 289?
285
What is the remainder when 207931 is divided by 23099?
40
Calculate the remainder when 15793 is divided by 26.
11
What is the remainder when 7611 is divided by 1883?
79
Calculate the remainder when 148402 is divided by 32.
18
What is the remainder when 1610468 is divided by 38?
28
Calculate the remainder when 15847 is divided by 260.
247
Calculate the remainder when 285662 is divided by 904.
902
Calculate the remainder when 41385 is divided by 39.
6
What is the remainder when 3400 is divided by 186?
52
Calculate the remainder when 1622700 is divided by 2.
0
What is the remainder when 31393 is divided by 105?
103
What is the remainder when 369144 is divided by 379?
377
Calculate the remainder when 1568 is divided by 1330.
238
Calculate the remainder when 155984 is divided by 38993.
12
Calculate the remainder when 46908 is divided by 23440.
28
Calculate the remainder when 6262 is divided by 6141.
121
Calculate the remainder when 37274 is divided by 158.
144
What is the remainder when 1694 is divided by 11?
0
Calculate the remainder when 23315 is divided by 598.
591
What is the remainder when 8992 is divided by 324?
244
Calculate the remainder when 26468 is divided by 75.
68
Calculate the remainder when 46275 is divided by 609.
600
Calculate the remainder when 4396898 is divided by 39.
38
What is the remainder when 62669 is divided by 10443?
11
Calculate the remainder when 76064 is divided by 55.
54
What is the remainder when 1281 is divided by 424?
9
What is the remainder when 1025 is divided by 339?
8
Calculate the remainder when 22789 is divided by 7462.
403
What is the remainder when 523280 is divided by 175?
30
Calculate the remainder when 3970 is divided by 209.
208
Calculate the remainder when 2030 is divided by 328.
62
What is the remainder when 16409 is divided by 5249?
662
What is the remainder when 437 is divided by 257?
180
Calculate the remainder when 481 is divided by 425.
56
Calculate the remainder when 103750 is divided by 99.
97
What is the remainder when 9133 is divided by 106?
17
What is the remainder when 125302 is divided by 22?
12
What is the remainder when 10395 is divided by 3463?
6
Calculate the remainder when 23442 is divided by 305.
262
Calculate the remainder when 20580 is divided by 6843.
51
Calculate the remainder when 1506 is divided by 994.
512
What is the remainder when 2970 is divided by 558?
180
What is the remainder when 5554 is divided by 1839?
37
Calculate the remainder when 16939 is divided by 1336.
907
Calculate the remainder when 5415 is divided by 2534.
347
What is the remainder when 5816 is divided by 188?
176
What is the remainder when 5543 is divided by 86?
39
Calculate the remainder when 8168 is divided by 2439.
851
Calculate the remainder when 4219 is divided by 51.
37
What is the remainder when 7326 is divided by 3652?
22
What is the remainder when 8741 is divided by 625?
616
What is the remainder when 565 is divided by 469?
96
What is the remainder when 2689247 is divided by 96?
95
Calculate the remainder when 7521 is divided by 377.
358
Calculate the remainder when 932726 is divided by 71.
70
Calculate the remainder when 6944 is divided by 107.
96
Calculate the remainder when 2726697 is divided by 1490.
1487
What is the remainder when 26842 is divided by 20?
2
Calculate the remainder when 9528 is divided by 22.
2
Calculate the remainder when 15301 is divided by 63.
55
What is the remainder when 22734 is divided by 91?
75
What is the remainder when 50430 is divided by 16808?
6
Calculate the remainder when 10726 is divided by 88.
78
Calculate the remainder when 8354 is divided by 962.
658
What is the remainder when 47841 is divided by 921?
870
Calculate the remainder when 12300178 is divided by 102.
100
Calculate the remainder when 3398 is divided by 47.
14
What is the remainder when 26445 is divided by 30?
15
Calculate the remainder when 3276 is divided by 2772.
504
What is the remainder when 83537 is divided by 41763?
11
Calculate the remainder when 5786 is divided by 572.
66
What is the remainder when 11109 is divided by 808?
605
Calculate the remainder when 606199 is divided by 26.
9
What is the remainder when 27249 is divided by 27234?
15
Calculate the remainder when 93755 is divided by 31246.
17
What is the remainder when 5980 is divided by 1984?
28
What is the remainder when 179727 is divided by 239?
238
Calculate the remainder when 8153 is divided by 1340.
113
Calculate the remainder when 915 is divided by 103.
91
What is the remainder when 597 is divided by 557?
40
Calculate the remainder when 2775 is divided by 555.
0
What is the remainder when 3377393 is divided by 19?
10
Calculate the remainder when 128801 is divided by 3220.
1
What is the remainder when 42210 is divided by 3833?
47
What is the remainder when 222436 is divided by 33?
16
Calculate the remainder when 190 is divided by 32.
30
Calculate the remainder when 48381 is divided by 6.
3
What is the remainder when 70957 is divided by 274?
265
Calculate the remainder when 10322 is divided by 858.
26
What is the remainder when 47005 is divided by 15648?
61
Calculate the remainder when 3379744 is divided by 501.
499
Calculate the remainder when 1783 is divided by 64.
55
What is the remainder when 3342 is divided by 1580?
182
What is the remainder when 19152 is divided by 10?
2
What is the remainder when 50637 is divided by 403?
262
What is the remainder when 114327 is divided by 38096?
39
What is the remainder when 27382 is divided by 164?
158
What is the remainder when 49552 is divided by 774?
16
Calculate the remainder when 3577 is divided by 975.
652
Calculate the remainder when 1239 is divided by 312.
303
What is the remainder when 1482905 is divided by 300?
5
What is the remainder when 28265 is divided by 103?
43
What is the remainder when 25669 is divided by 1349?
38
What is the remainder when 31648 is divided by 78?
58
What is the remainder when 1852 is divided by 53?
50
Calculate the remainder when 24349 is divided by 4783.
434
What is the remainder when 1848 is divided by 40?
8
What is the remainder when 41592 is divided by 147?
138
What is the remainder when 16322 is divided by 1616?
162
What is the remainder when 432737 is divided by 9?
8
Calculate the remainder when 11080 is divided by 2212.
20
Calculate the remainder when 1041011 is divided by 119.
118
What is the remainder when 580326 is divided by 602?
600
Calculate the remainder when 283190 is divided by 19.
14
Calculate the remainder when 2770 is divided by 551.
15
What is the remainder when 129420 is divided by 23?
22
What is the remainder when 984 is divided by 475?
34
Calculate the remainder when 2296 is divided by 334.
292
Calculate the remainder when 5052 is divided by 5030.
22
Calculate the remainder when 37707 is divided by 1467.
1032
Calculate the remainder when 36827 is divided by 396.
395